{"id":182,"date":"2017-10-20T16:21:17","date_gmt":"2017-10-20T14:21:17","guid":{"rendered":"http:\/\/jfon.fr\/?page_id=182"},"modified":"2023-06-21T14:59:06","modified_gmt":"2023-06-21T12:59:06","slug":"opl","status":"publish","type":"page","link":"https:\/\/jfon.fr\/index.php\/j-j-f-parcours\/3-enseignements\/opl\/","title":{"rendered":"Lumi\u00e8res et Laser"},"content":{"rendered":"<div class=\"wp-block-image\">\n<figure class=\"aligncenter\"><img loading=\"lazy\" decoding=\"async\" width=\"3407\" height=\"2101\" src=\"http:\/\/jfon.fr\/wp-content\/uploads\/2019\/11\/Mart-For\u00eat-lumi\u00e8re-Dom-Emeraude.jpg\" alt=\"\" class=\"wp-image-1462\" srcset=\"https:\/\/jfon.fr\/wp-content\/uploads\/2019\/11\/Mart-For\u00eat-lumi\u00e8re-Dom-Emeraude.jpg 3407w, https:\/\/jfon.fr\/wp-content\/uploads\/2019\/11\/Mart-For\u00eat-lumi\u00e8re-Dom-Emeraude-300x185.jpg 300w, https:\/\/jfon.fr\/wp-content\/uploads\/2019\/11\/Mart-For\u00eat-lumi\u00e8re-Dom-Emeraude-768x474.jpg 768w, https:\/\/jfon.fr\/wp-content\/uploads\/2019\/11\/Mart-For\u00eat-lumi\u00e8re-Dom-Emeraude-1024x631.jpg 1024w\" sizes=\"(max-width: 767px) 89vw, (max-width: 1000px) 54vw, (max-width: 1071px) 543px, 580px\" \/><figcaption class=\"wp-element-caption\">Illustration trouv\u00e9e au cours d&rsquo;une randonn\u00e9e dans la for\u00eat martiniquaise (Domaine de l&rsquo;\u00c9meraude).<\/figcaption><\/figure><\/div>\n\n\n<p><em>Universit\u00e9 de Strasbourg (jusqu&rsquo;en 2019) &#8211; Universit\u00e9 du Nouveau Mexique (en 1989)<\/em><\/p>\n\n\n<h2>Optique, Lasers et Photonique.\u00a0<\/h2>\n<p><\/p>\n<p><em>Universit\u00e9 de Strasbourg (jusqu&rsquo;en 2019) &#8211; Universit\u00e9 du Nouveau Mexique (en 1989)<\/em><\/p>\n<p><\/p>\n<p style=\"text-align: left;\">Pr\u00e9ambule et biblio<\/p>\n<p>[ <a href=\"http:\/\/jfon.fr\/wp-content\/uploads\/2017\/10\/D3-1-Preambule-Biblio.pdf\">D3-1-Preambule-Biblio<\/a>\u00a0]<\/p>\n<p>Optique<\/p>\n<p>[ <a href=\"http:\/\/jfon.fr\/wp-content\/uploads\/2017\/10\/D3-2-Optique.pdf\">D3-2-Optique<\/a>\u00a0 ]<\/p>\n<p>Lasers. Principes et propri\u00e9t\u00e9s<\/p>\n<p>[ <a href=\"http:\/\/jfon.fr\/wp-content\/uploads\/2017\/10\/D3-3-1-Laser-Principes-Proprietes.pdf\">D3-3-1-Laser-Principes-Proprietes<\/a>\u00a0]<\/p>\n<p>La Physique des Lasers<\/p>\n<p>[ <a href=\"http:\/\/jfon.fr\/wp-content\/uploads\/2017\/10\/D3-3-2-Laser-PHYSIQUE.pdf\">D3-3-2-Laser-PHYSIQUE<\/a>\u00a0]<\/p>\n<p>Lasers. Propri\u00e9t\u00e9s spatiales<\/p>\n<p>[ <a href=\"http:\/\/jfon.fr\/wp-content\/uploads\/2017\/10\/D3-3-3-Laser-Prop-spatiales.pdf\">D3-3-3-Laser-Prop-spatiales<\/a>\u00a0]<\/p>\n<p>Lasers. Propri\u00e9t\u00e9s spectrales<\/p>\n<p>[ <a href=\"http:\/\/jfon.fr\/wp-content\/uploads\/2017\/10\/D3-3-4-Laser-Propr_spectrales.pdf\">D3-3-4-Laser-Propr_spectrales<\/a>\u00a0 ]<\/p>\n<p>Lasers. Propri\u00e9t\u00e9s temporelles<\/p>\n<p>[ \u00a0<a href=\"http:\/\/jfon.fr\/wp-content\/uploads\/2017\/10\/D3-3-5-Laser-Propr_temporelles.pdf\">D3-3-5-Laser-Propr_temporelles<\/a> ]<\/p>\n<p>Lasers. Polarisation<\/p>\n<p>[ <a href=\"http:\/\/jfon.fr\/wp-content\/uploads\/2017\/10\/D3-3-6-Laser-Polarisation.pdf\">D3-3-6-Laser-Polarisation<\/a>\u00a0 ]<\/p>\n<p>Lasers. Propri\u00e9t\u00e9s \u00e9nerg\u00e9tiques<\/p>\n<p>[ \u00a0<a href=\"http:\/\/jfon.fr\/wp-content\/uploads\/2017\/10\/D3-3-7-Laser-Prop_energetiques.pdf\">D3-3-7-Laser-Prop_energetiques<\/a> ]<\/p>\n<p>Lasers. Types<\/p>\n<p>[ <a href=\"http:\/\/jfon.fr\/wp-content\/uploads\/2017\/10\/D3-3-8-Laser-Types.pdf\">D3-3-8-Laser-Types<\/a>\u00a0]<\/p>\n<p>Photonique. Interaction Laser-Mati\u00e8re<\/p>\n<p>[ <a href=\"http:\/\/jfon.fr\/wp-content\/uploads\/2017\/10\/D4-1-Phot-1-Interaction-Effets.pdf\">D4-1-Phot-1-Interaction-Effets<\/a>]<\/p>\n<p>Photonique. Opto\u00e9lectronique<\/p>\n<p>[ <a href=\"http:\/\/jfon.fr\/wp-content\/uploads\/2017\/10\/D4-2-Phot-2-Optoelectronique.pdf\">D4-2-Phot-2-Optoelectronique<\/a>\u00a0]<\/p>\n<p>Photonique. Mesures, CND et vision<\/p>\n<p>[ \u00a0<a href=\"http:\/\/jfon.fr\/wp-content\/uploads\/2017\/10\/D4-3-Phot-3-Mesures-CND-Vision.pdf\">D4-3-Phot-3-Mesures-CND-Vision<\/a> ]<\/p>\n<p>Photonique. Communications<\/p>\n<p>[ <a href=\"http:\/\/jfon.fr\/wp-content\/uploads\/2017\/10\/D4-4-Phot-4-Communications.pdf\">D4-4-Phot-4-Communications<\/a>\u00a0 ]<\/p>\n<p>Photonique de puissance<\/p>\n<p>[ <a href=\"http:\/\/jfon.fr\/wp-content\/uploads\/2017\/10\/D4-5-Phot-5-Photonique_de_Puissance.pdf\">D4-5-Phot-5-Photonique_de_Puissance<\/a>\u00a0 ]<\/p>\n<p>Photonique. Applications diverses<\/p>\n<p>[ <a href=\"http:\/\/jfon.fr\/wp-content\/uploads\/2017\/10\/D4-6-Phot-6-Applications_diverses.pdf\">D4-6-Phot-6-Applications_diverses<\/a>\u00a0]<\/p>\n<p>S\u00e9curit\u00e9 laser<\/p>\n<p>[ <a href=\"http:\/\/jfon.fr\/wp-content\/uploads\/2017\/10\/D4-7-Phot-7-Risques-Securit.pdf\">D4-7-Phot-7-Risques-Securit\u00e9<\/a>\u00a0]<\/p>\n<p><strong>Quelques r\u00e9f\u00e9rences<\/strong><\/p>\n<p>Sur l&rsquo;optique : \u00ab\u00a0Optique : Fondements et applications\u00a0\u00bb &#8211; Perez &#8211; Dunod. 7e \u00e9dition \u00a0[ \u00a0<a href=\"https:\/\/www.dunod.com\/sciences-techniques\/optique-fondements-et-applications-avec-250-exercices-et-problemes-resolus-0\">Lien \u00e9diteur<\/a> ]<\/p>\n<p>Laser, une introduction. Bretenaker &#8211; Treps. EDP Sciences. Eyrolles. [ <a href=\"https:\/\/www.eyrolles.com\/Sciences\/Livre\/le-laser-9782759819133\">Lien Editeur <\/a>]<\/p>\n<p>\u00ab\u00a0Lasers et l&rsquo;optique non lin\u00e9aire\u00a0\u00bb. D. Angoisse. Ellipses \u00a0 [ <a href=\"http:\/\/www.editions-ellipses.fr\/product_info.php?products_id=6426\">Lien \u00e9diteur<\/a> ]<\/p>\n<p>\u00ab\u00a0Les lasers. Cours et exercices corrig\u00e9s\u00a0\u00bb. [ <a href=\"https:\/\/www.eyrolles.com\/Sciences\/Livre\/les-lasers-9782100041039\">Lien \u00e9diteur<\/a> ]<\/p>\n<p>Le laser et ses applications 50 ans apr\u00e8s son invention &#8211; Pascal Besnard, Pierre-No\u00ebl Favennec &#8211; Editeur(s) : Herm\u00e8s \u2013 Lavoisier. 2010 [ <a href=\"https:\/\/www.eyrolles.com\/Sciences\/Livre\/le-laser-et-ses-applications-9782746225800\">Lien editeur<\/a>]<\/p>","protected":false},"excerpt":{"rendered":"<p>Universit\u00e9 de Strasbourg (jusqu&rsquo;en 2019) &#8211; Universit\u00e9 du Nouveau Mexique (en 1989) Optique, Lasers et Photonique.\u00a0 Universit\u00e9 de Strasbourg (jusqu&rsquo;en 2019) &#8211; Universit\u00e9 du Nouveau Mexique (en 1989) Pr\u00e9ambule et biblio [ D3-1-Preambule-Biblio\u00a0] Optique [ D3-2-Optique\u00a0 ] Lasers. Principes et propri\u00e9t\u00e9s [ D3-3-1-Laser-Principes-Proprietes\u00a0] La Physique des Lasers [ D3-3-2-Laser-PHYSIQUE\u00a0] Lasers. Propri\u00e9t\u00e9s spatiales [ D3-3-3-Laser-Prop-spatiales\u00a0] Lasers. &hellip; <\/p>\n<p class=\"link-more\"><a href=\"https:\/\/jfon.fr\/index.php\/j-j-f-parcours\/3-enseignements\/opl\/\" class=\"more-link\">Continuer la lecture<span class=\"screen-reader-text\"> de &laquo;&nbsp;Lumi\u00e8res et Laser&nbsp;&raquo;<\/span><\/a><\/p>\n","protected":false},"author":1,"featured_media":0,"parent":6897,"menu_order":0,"comment_status":"closed","ping_status":"closed","template":"","meta":{"footnotes":""},"_links":{"self":[{"href":"https:\/\/jfon.fr\/index.php\/wp-json\/wp\/v2\/pages\/182"}],"collection":[{"href":"https:\/\/jfon.fr\/index.php\/wp-json\/wp\/v2\/pages"}],"about":[{"href":"https:\/\/jfon.fr\/index.php\/wp-json\/wp\/v2\/types\/page"}],"author":[{"embeddable":true,"href":"https:\/\/jfon.fr\/index.php\/wp-json\/wp\/v2\/users\/1"}],"replies":[{"embeddable":true,"href":"https:\/\/jfon.fr\/index.php\/wp-json\/wp\/v2\/comments?post=182"}],"version-history":[{"count":72,"href":"https:\/\/jfon.fr\/index.php\/wp-json\/wp\/v2\/pages\/182\/revisions"}],"predecessor-version":[{"id":6914,"href":"https:\/\/jfon.fr\/index.php\/wp-json\/wp\/v2\/pages\/182\/revisions\/6914"}],"up":[{"embeddable":true,"href":"https:\/\/jfon.fr\/index.php\/wp-json\/wp\/v2\/pages\/6897"}],"wp:attachment":[{"href":"https:\/\/jfon.fr\/index.php\/wp-json\/wp\/v2\/media?parent=182"}],"curies":[{"name":"wp","href":"https:\/\/api.w.org\/{rel}","templated":true}]}}