{"id":1059,"date":"2019-05-26T20:54:25","date_gmt":"2019-05-26T18:54:25","guid":{"rendered":"http:\/\/jfon.fr\/?page_id=1059"},"modified":"2025-11-07T17:48:52","modified_gmt":"2025-11-07T16:48:52","slug":"j-j-f-parcours","status":"publish","type":"page","link":"https:\/\/jfon.fr\/index.php\/j-j-f-parcours\/","title":{"rendered":"01-PARCOURS"},"content":{"rendered":"<div class=\"wp-block-image\">\r\n<figure class=\"aligncenter size-large is-resized\"><img loading=\"lazy\" decoding=\"async\" class=\"wp-image-2413\" src=\"http:\/\/jfon.fr\/wp-content\/uploads\/2020\/03\/JoFo-935x1024.jpg\" alt=\"\" width=\"204\" height=\"223\" srcset=\"https:\/\/jfon.fr\/wp-content\/uploads\/2020\/03\/JoFo-935x1024.jpg 935w, https:\/\/jfon.fr\/wp-content\/uploads\/2020\/03\/JoFo-274x300.jpg 274w, https:\/\/jfon.fr\/wp-content\/uploads\/2020\/03\/JoFo-768x841.jpg 768w, https:\/\/jfon.fr\/wp-content\/uploads\/2020\/03\/JoFo-1402x1536.jpg 1402w, https:\/\/jfon.fr\/wp-content\/uploads\/2020\/03\/JoFo.jpg 1766w\" sizes=\"(max-width: 204px) 100vw, 204px\" \/><\/figure><\/div>\r\n\r\n\r\n<p class=\"has-text-align-center\"><strong>Jo\u00ebl FONTAINE<\/strong>\u00a0<\/p>\r\n\r\n\r\n<div class=\"wp-block-image\">\r\n<figure class=\"aligncenter size-large\"><img loading=\"lazy\" decoding=\"async\" width=\"1024\" height=\"673\" class=\"wp-image-3492\" src=\"http:\/\/jfon.fr\/wp-content\/uploads\/2020\/08\/Universit\u00e9s-logos-1024x673.jpg\" alt=\"\" srcset=\"https:\/\/jfon.fr\/wp-content\/uploads\/2020\/08\/Universit\u00e9s-logos-1024x673.jpg 1024w, https:\/\/jfon.fr\/wp-content\/uploads\/2020\/08\/Universit\u00e9s-logos-300x197.jpg 300w, https:\/\/jfon.fr\/wp-content\/uploads\/2020\/08\/Universit\u00e9s-logos-768x505.jpg 768w, https:\/\/jfon.fr\/wp-content\/uploads\/2020\/08\/Universit\u00e9s-logos.jpg 1391w\" sizes=\"(max-width: 767px) 89vw, (max-width: 1000px) 54vw, (max-width: 1071px) 543px, 580px\" \/><\/figure><\/div>\r\n\r\n\r\n<figure class=\"wp-block-table\">\r\n<table>\r\n<tbody>\r\n<tr>\r\n<td><strong>Juin 1969<\/strong> : Bac scientifique &#8211; Lyc\u00e9e Roland Garros &#8211; Le Tampon &#8211; R\u00e9union\u00a0<\/td>\r\n<\/tr>\r\n<tr>\r\n<td><strong>Septembre 1969 \u00e0 Juin 1974 : <\/strong>\u00c9tudiant \u00e0 l&rsquo;Universit\u00e9 internationale de Moscou. Pr\u00e9paration du\u00a0&lsquo;Master of Sciences in Physics\u00a0&lsquo;.\u00a0<\/td>\r\n<\/tr>\r\n<tr>\r\n<td><strong>Septembre 1974 \u00e0 Ao\u00fbt 1975 : <\/strong> Enseignant de math\u00e9matiques et de technologies au Coll\u00e8ge d&rsquo;enseignement secondaire de St-Joseph (R\u00e9union).<\/td>\r\n<\/tr>\r\n<tr>\r\n<td><strong>Septembre 1975 \u00e0 Juin 1976 : <\/strong>\u00c9tudiant \u00e0 l&rsquo;Universit\u00e9 Louis Pasteur de Strasbourg &#8211; Pr\u00e9paration du\u00a0D.E.A. de Physique \u00c9lectronique du Solide.<\/td>\r\n<\/tr>\r\n<tr>\r\n<td><strong>Sept. 76 \u00e0 Juin 78<\/strong> : Doctorant \u00e0 l&rsquo;Universit\u00e9 Louis Pasteur de Strasbourg &#8211; Laboratoire de Spectroscopie et d&rsquo;Optique du Corps Solide, Groupe de Recherche en Photonique Appliqu\u00e9e.<br \/>Pr\u00e9paration d&rsquo;une\u00a0Th\u00e8se de 3\u00e8me cycle\u00a0sous la direction du Professeur M. Grossman &#8211; Sujet : \u00ab\u00a0\u00c9tude de surfaces de corps solides diffusants par des m\u00e9thodes optiques\u00a0\u00bb.<\/td>\r\n<\/tr>\r\n<tr>\r\n<td><strong>Juillet \u00e0 Septembre 1978<\/strong> : Stagiaire\u00a0au Centre de Recherche sur les lasers de l&rsquo;Universit\u00e9 de Californie du Sud &#8211; Los Angel\u00e8s &#8211; USA. Sujet : Transport d&rsquo;informations par train d&rsquo;ondes puls\u00e9es. \u00c9tude de la d\u00e9gradation du rapport signal \u00e0 bruit dans la\u00a0propagation d&rsquo;impulsions par fibres optiques.<\/td>\r\n<\/tr>\r\n<tr>\r\n<td><strong>Octobre 1978 \u00e0 Septembre 1981<\/strong> : Chercheur\u00a0\u00e0 l&rsquo;Universit\u00e9 Louis Pasteur et l&rsquo;Universit\u00e9 du Texas \u00e0 Denton, USA.\u00a0\u00a0<br \/>\u2022 Pr\u00e9paration d&rsquo;une\u00a0th\u00e8se d&rsquo;\u00c9tat dans le domaine des lasers \u00e0 impulsions femtosecondes et leurs applications sous la direction de Michel Grossman, Universit\u00e9 Louis Pasteur et de Jean-Claude Diels, Professeur \u00e0 l&rsquo;Universit\u00e9 du Texas.<\/td>\r\n<\/tr>\r\n<tr>\r\n<td>\u2022 Recherches contractuelles \u00e0 l&rsquo;Universit\u00e9 Louis Pasteur, Groupe de Recherche en Photonique Appliqu\u00e9e.<\/td>\r\n<\/tr>\r\n<tr>\r\n<td><strong>de 1981 \u00e0 1989 <\/strong>: Ma\u00eetre-Assistant en Physique-Photonique \u00e0 l&rsquo;\u00c9cole <br \/>Nationale Sup\u00e9rieure des Arts et Industries de Strasbourg.<\/td>\r\n<\/tr>\r\n<tr>\r\n<td><strong>F\u00e9vrier 1983<\/strong> : Doctorat d&rsquo;\u00c9tat\u00a0&#8211; Universit\u00e9 Louis Pasteur &lsquo;Tomoscopie <br \/>Optique Femtoseconde: une Application \u00e0 la Recherche d&rsquo;un Laser&rsquo;.<\/td>\r\n<\/tr>\r\n<tr>\r\n<td><strong>Juin 1987 <\/strong>: Habilitation\u00a0\u00e0 diriger des recherches. Universit\u00e9 Louis Pasteur<\/td>\r\n<\/tr>\r\n<tr>\r\n<td><strong>\u00e0 partir de 1989<\/strong> : Professeur des universit\u00e9s\u00a0en Physique-Photonique \u00e0 l&rsquo;\u00c9cole Nationale Sup\u00e9rieure des Arts et Industries de Strasbourg (devenue INSA de Strasbourg en f\u00e9vrier 2003).<\/td>\r\n<\/tr>\r\n<tr>\r\n<td><strong>De 1986 \u00e0 1996<\/strong> : Responsable de l\u2019\u00e9quipe\u00a0de recherche &lsquo; Applications des Lasers\u00a0&lsquo;\u00a0\u00a0\u00e0 l&rsquo;Ensais<\/td>\r\n<\/tr>\r\n<tr>\r\n<td><strong>Juin 1989 \u00e0 Janvier 1990<\/strong> : Professeur associ\u00e9\u00a0\u00e0 l&rsquo;Universit\u00e9 du Nouveau Mexique &#8211; Albuquerque &#8211; USA\u00a0\u00a0\u00a0\u00a0\u00a0\u00a0\u00a0\u00a0\u00a0\u00a0\u00a0\u00a0<br \/>&#8211; Enseignement :\u00a0\u00a0\u00a0\u00ab\u00a0Laser Physics\u00a0\u00bb, (Graduate course)\u00a0\u00a0\u00a0\u00a0\u00a0\u00a0\u00a0\u00a0\u00a0\u00a0\u00a0\u00a0<br \/>&#8211; Recherche au Laboratoire de Physique et d\u2019Astronomie (Groupe du Professeur JC Diels)<\/td>\r\n<\/tr>\r\n<tr>\r\n<td><strong>A partir de 1997<\/strong> : Responsable du groupe \u00ab\u00a0Photonique de Puissance\u00a0\u00bb au sein du Laboratoire des Syst\u00e8mes Photoniques (ULP-ENSAIS).<\/td>\r\n<\/tr>\r\n<tr>\r\n<td><strong>Janvier 1995 \u00e0 juillet 2000<\/strong> &#8211; Directeur du d\u00e9partement G\u00e9nie \u00c9lectrique et Climatique de l&rsquo;ENSAIS (30 enseignants \u2013 200 \u00e9tudiants)<\/td>\r\n<\/tr>\r\n<tr>\r\n<td><strong>2002-2008<\/strong> &#8211; Coordonnateur du projet europ\u00e9en \u2018Rh\u00e9naphotonics\u2019 \u2013 15 partenaires &#8211;\u00a0\u00a02, 3 millions d&rsquo;\u20ac\u00a0\u00a0dont 1 million de fonds europ\u00e9ens Interreg<\/td>\r\n<\/tr>\r\n<tr>\r\n<td><strong>De 2009\u00a0\u00e0 2019\u00a0<\/strong>&#8211; Directeur de la Recherche de l\u2019INSA de Strasbourg (\u00a070 enseignants-chercheurs et 50 Doctorants en 2019)<br \/>Membre de l&rsquo;\u00e9quipe <em>Instrumentation et Proc\u00e9d\u00e9s Photoniques<\/em> du Laboratoire des sciences de l&rsquo;ing\u00e9nieur, de l&rsquo;informatique et de l&rsquo;imagerie ( <a href=\"https:\/\/icube.unistra.fr\" target=\"_blank\" rel=\"noreferrer noopener\">ICube<\/a> )<br \/>Membre du comit\u00e9 de direction de <a href=\"https:\/\/www.irepa-laser.com\" target=\"_blank\" rel=\"noreferrer noopener\">IREPA Laser<\/a> (Soci\u00e9t\u00e9 Coop\u00e9rative \u00e0 Int\u00e9r\u00eat Collectif).<\/td>\r\n<\/tr>\r\n<tr>\r\n<td><strong>Depuis septembre 2019<\/strong> : Retrait\u00e9, esp\u00e9rantiste, randonneur, voyageur<\/td>\r\n<\/tr>\r\n<\/tbody>\r\n<\/table>\r\n<\/figure>\r\n\r\n\r\n\r\n<p>\u2022 Mes <a href=\"http:\/\/jfon.fr\/index.php\/j-j-f-parcours\/recherches\/\" target=\"_blank\" rel=\"noreferrer noopener\">sujets de recherches<\/a> et les <a href=\"http:\/\/jfon.fr\/index.php\/j-j-f-parcours\/publications\/\" target=\"_blank\" rel=\"noreferrer noopener\">publications<\/a> correspondantes.<\/p>\r\n\r\n\r\n<div class=\"wp-block-image\">\r\n<figure class=\"aligncenter size-large\"><img loading=\"lazy\" decoding=\"async\" width=\"1024\" height=\"367\" class=\"wp-image-3406\" src=\"http:\/\/jfon.fr\/wp-content\/uploads\/2020\/06\/Universit\u00e9s3-1024x367.jpg\" alt=\"\" srcset=\"https:\/\/jfon.fr\/wp-content\/uploads\/2020\/06\/Universit\u00e9s3-1024x367.jpg 1024w, https:\/\/jfon.fr\/wp-content\/uploads\/2020\/06\/Universit\u00e9s3-300x108.jpg 300w, https:\/\/jfon.fr\/wp-content\/uploads\/2020\/06\/Universit\u00e9s3-768x276.jpg 768w, https:\/\/jfon.fr\/wp-content\/uploads\/2020\/06\/Universit\u00e9s3.jpg 1502w\" sizes=\"(max-width: 767px) 89vw, (max-width: 1000px) 54vw, (max-width: 1071px) 543px, 580px\" \/><\/figure><\/div>","protected":false},"excerpt":{"rendered":"<p>Jo\u00ebl FONTAINE\u00a0 Juin 1969 : Bac scientifique &#8211; Lyc\u00e9e Roland Garros &#8211; Le Tampon &#8211; R\u00e9union\u00a0 Septembre 1969 \u00e0 Juin 1974 : \u00c9tudiant \u00e0 l&rsquo;Universit\u00e9 internationale de Moscou. Pr\u00e9paration du\u00a0&lsquo;Master of Sciences in Physics\u00a0&lsquo;.\u00a0 Septembre 1974 \u00e0 Ao\u00fbt 1975 : Enseignant de math\u00e9matiques et de technologies au Coll\u00e8ge d&rsquo;enseignement secondaire de St-Joseph (R\u00e9union). Septembre 1975 &hellip; <\/p>\n<p class=\"link-more\"><a href=\"https:\/\/jfon.fr\/index.php\/j-j-f-parcours\/\" class=\"more-link\">Continuer la lecture<span class=\"screen-reader-text\"> de &laquo;&nbsp;01-PARCOURS&nbsp;&raquo;<\/span><\/a><\/p>\n","protected":false},"author":1,"featured_media":0,"parent":0,"menu_order":0,"comment_status":"closed","ping_status":"closed","template":"","meta":{"footnotes":""},"_links":{"self":[{"href":"https:\/\/jfon.fr\/index.php\/wp-json\/wp\/v2\/pages\/1059"}],"collection":[{"href":"https:\/\/jfon.fr\/index.php\/wp-json\/wp\/v2\/pages"}],"about":[{"href":"https:\/\/jfon.fr\/index.php\/wp-json\/wp\/v2\/types\/page"}],"author":[{"embeddable":true,"href":"https:\/\/jfon.fr\/index.php\/wp-json\/wp\/v2\/users\/1"}],"replies":[{"embeddable":true,"href":"https:\/\/jfon.fr\/index.php\/wp-json\/wp\/v2\/comments?post=1059"}],"version-history":[{"count":97,"href":"https:\/\/jfon.fr\/index.php\/wp-json\/wp\/v2\/pages\/1059\/revisions"}],"predecessor-version":[{"id":9310,"href":"https:\/\/jfon.fr\/index.php\/wp-json\/wp\/v2\/pages\/1059\/revisions\/9310"}],"wp:attachment":[{"href":"https:\/\/jfon.fr\/index.php\/wp-json\/wp\/v2\/media?parent=1059"}],"curies":[{"name":"wp","href":"https:\/\/api.w.org\/{rel}","templated":true}]}}